{"id":2530,"date":"2025-04-28T06:59:22","date_gmt":"2025-04-28T06:59:22","guid":{"rendered":"https:\/\/ac-service-constanta.ro\/?page_id=2530"},"modified":"2025-04-28T07:27:30","modified_gmt":"2025-04-28T07:27:30","slug":"igienizare-si-curatare-aer-conditionat","status":"publish","type":"page","link":"https:\/\/ac-service-constanta.ro\/index.php\/igienizare-si-curatare-aer-conditionat\/","title":{"rendered":"Igienizare si curatare Aer Conditionat"},"content":{"rendered":"\t\t<div data-elementor-type=\"wp-page\" data-elementor-id=\"2530\" class=\"elementor elementor-2530\">\n\t\t\t\t\t\t<section class=\"elementor-section elementor-top-section elementor-element elementor-element-e116d2c elementor-section-full_width elementor-section-height-default elementor-section-height-default\" data-id=\"e116d2c\" data-element_type=\"section\">\n\t\t\t\t\t\t<div class=\"elementor-container elementor-column-gap-no\">\n\t\t\t\t\t<div class=\"elementor-column elementor-col-100 elementor-top-column elementor-element elementor-element-3ad6f15\" data-id=\"3ad6f15\" data-element_type=\"column\">\n\t\t\t<div class=\"elementor-widget-wrap\">\n\t\t\t\t\t\t\t<\/div>\n\t\t<\/div>\n\t\t\t\t\t<\/div>\n\t\t<\/section>\n\t\t\t\t<section class=\"elementor-section elementor-top-section elementor-element elementor-element-d74d707 elementor-section-stretched elementor-section-full_width elementor-section-height-default elementor-section-height-default\" data-id=\"d74d707\" data-element_type=\"section\" data-settings=\"{&quot;stretch_section&quot;:&quot;section-stretched&quot;}\">\n\t\t\t\t\t\t<div class=\"elementor-container elementor-column-gap-no\">\n\t\t\t\t\t<div class=\"elementor-column elementor-col-100 elementor-top-column elementor-element elementor-element-80b849b\" data-id=\"80b849b\" data-element_type=\"column\">\n\t\t\t<div class=\"elementor-widget-wrap elementor-element-populated\">\n\t\t\t\t\t\t<div class=\"elementor-element elementor-element-fc054b5 elementor-widget elementor-widget-elec_banner_2\" data-id=\"fc054b5\" data-element_type=\"widget\" data-widget_type=\"elec_banner_2.default\">\n\t\t\t\t<div class=\"elementor-widget-container\">\n\t\t\t\t\t<section class=\"block p-100\">\r\n  <div class=\"fixed-bg bg10\"><\/div>\r\n  <div class=\"container\">\r\n    <div class=\"sep-text fl-right\">\r\n      <h2 class=\"visible-lg visible-md\"><span>Igienizare \u0219i Cur\u0103\u021bare Aer Condi\u021bionat<\/span> <br>Respira Aer Curat \u00een Fiecare Zi      <\/h2>\r\n      <h2 class=\"visible-sm visible-xs\">\r\n        <span>Igienizare \u0219i Cur\u0103\u021bare Aer Condi\u021bionat<\/span> <br>Respira Aer Curat \u00een Fiecare Zi      <\/h2>\r\n      <p class=\"visible-lg visible-md\">\r\n        Ai nevoie de igienizare \u0219i cur\u0103\u021bare profesional\u0103 pentru aparatul t\u0103u de aer condi\u021bionat?\nI\u021bi oferim servicii complete de cur\u0103\u021bare aer condi\u021bionat, pentru un aer mai s\u0103n\u0103tos \u0219i un aparat mai eficient.      <\/p>\r\n      <p class=\"visible-sm visible-xs\">\r\n        Ai nevoie de igienizare \u0219i cur\u0103\u021bare profesional\u0103 pentru aparatul t\u0103u de aer condi\u021bionat?\nI\u021bi oferim servicii complete de cur\u0103\u021bare aer condi\u021bionat, pentru un aer mai s\u0103n\u0103tos \u0219i un aparat mai eficient.      <\/p>\r\n       Incepand de la<br><span>200 Lei \/ Aparat<\/span>    <\/div>\r\n    <!--sep-text end-->\r\n  <\/div>\r\n<\/section>\r\n\t\t\t\t<\/div>\n\t\t\t\t<\/div>\n\t\t\t\t\t<\/div>\n\t\t<\/div>\n\t\t\t\t\t<\/div>\n\t\t<\/section>\n\t\t<div class=\"elementor-element elementor-element-fe576c2 e-flex e-con-boxed e-con e-parent\" data-id=\"fe576c2\" data-element_type=\"container\">\n\t\t\t\t\t<div class=\"e-con-inner\">\n\t\t\t\t<div class=\"elementor-element elementor-element-32ed57b elementor-widget elementor-widget-spacer\" data-id=\"32ed57b\" data-element_type=\"widget\" data-widget_type=\"spacer.default\">\n\t\t\t\t<div class=\"elementor-widget-container\">\n\t\t\t\t\t\t\t<div class=\"elementor-spacer\">\n\t\t\t<div class=\"elementor-spacer-inner\"><\/div>\n\t\t<\/div>\n\t\t\t\t\t\t<\/div>\n\t\t\t\t<\/div>\n\t\t\t\t<div class=\"elementor-element elementor-element-e26626d elementor-widget elementor-widget-text-editor\" data-id=\"e26626d\" data-element_type=\"widget\" data-widget_type=\"text-editor.default\">\n\t\t\t\t<div class=\"elementor-widget-container\">\n\t\t\t\t\t\t\t\t\t<div class=\"tech_ssec\">\n<h3 class=\"\" data-start=\"492\" data-end=\"538\"><\/h3>\n<p class=\"\" data-start=\"539\" data-end=\"667\"><\/p>\n\n<ul data-start=\"668\" data-end=\"768\">\n \t<li class=\"\" data-start=\"668\" data-end=\"715\">\n<p class=\"\" data-start=\"670\" data-end=\"715\"><\/p>\n<\/li>\n \t<li class=\"\" data-start=\"716\" data-end=\"745\">\n<p class=\"\" data-start=\"718\" data-end=\"745\"><\/p>\n<\/li>\n \t<li class=\"\" data-start=\"746\" data-end=\"768\">\n<p class=\"\" data-start=\"748\" data-end=\"768\"><\/p>\n<\/li>\n<\/ul>\n<\/div>\n<div class=\"tech_ssec\">\n<h3 class=\"sc-title\">De ce este important\u0103 igienizarea aerului condi\u021bionat?<\/h3>\n<ul class=\"wegts-links\">\n \t<li>Elimin\u0103 bacteriile, mucegaiul \u0219i praful acumulat \u00een unitatea interioar\u0103 \u0219i exterioar\u0103.<\/li>\n \t<li>Cre\u0219te eficien\u021ba \u0219i durata de via\u021b\u0103 a aparatului t\u0103u de aer condi\u021bionat.<\/li>\n \t<li>Previne apari\u021bia mirosurilor nepl\u0103cute \u0219i a alergiilor.<\/li>\n<li>Cre\u0219te eficien\u021ba \u0219i durata de via\u021b\u0103 a aparatului t\u0103u de aer condi\u021bionat.<\/li>\n<li>Reduce consumul de energie electric\u0103.<\/li>\n<\/ul>\n<div><span style=\"color: #555555;\">\u00a0<\/span><\/div>\n<div><span style=\"color: #555555;\">\u00a0<\/span><\/div>\n<\/div>\n<div class=\"tech_ssec\">\n<h3 class=\"sc-title\">Ce include serviciul nostru de igienizare aer condi\u021bionat?<\/h3>\n<ul class=\"wegts-links\">\n \t<li>Cur\u0103\u021barea filtrelor de aer<\/li>\n \t<li>Dezinfectarea schimb\u0103torului de c\u0103ldur\u0103\n\n<\/li>\n \t<li>\u00cendep\u0103rtarea depunerilor de praf \u0219i bacterii<\/li>\n \t<li>Verificarea general\u0103 a func\u021bion\u0103rii aparatului<\/li>\n<\/ul>\n<div><span style=\"color: #555555;\">\u00a0<\/span><\/div>\n<div><span style=\"color: #555555;\">\u00a0<\/span><\/div>\n<\/div>\n<div class=\"tech_ssec\">\n<h3 class=\"sc-title\">C\u00e2nd trebuie s\u0103 igienizezi aerul condi\u021bionat?<\/h3>\n<ul class=\"wegts-links\">\n \t<li>Speciali\u0219tii recomand\u0103 cur\u0103\u021barea aerului condi\u021bionat de dou\u0103 ori pe an, \u00eenainte de sezonul cald \u0219i la \u00eenceputul sezonului rece.<\/li>\n \t\n<\/ul>\n<div><span style=\"color: #555555;\">\u00a0<\/span><\/div>\n<div><span style=\"color: #555555;\">\u00a0<\/span><\/div>\n<\/div>\n<div class=\"tech_ssec\">\n<h3 class=\"sc-title\">Alege profesioni\u0219tii \u00een cur\u0103\u021bare aer condi\u021bionat!<\/h3>\n<ul class=\"wegts-links\">\n \t<li>Interven\u021bie rapid\u0103<\/li>\n \t<li>Pre\u021buri corecte<\/li>\n \t<li>Tehnicieni califica\u021bi<\/li>\n \t<li>Echipamente moderne<\/li>\n<\/ul>\n<\/div>\t\t\t\t\t\t\t\t<\/div>\n\t\t\t\t<\/div>\n\t\t\t\t\t<\/div>\n\t\t\t\t<\/div>\n\t\t<div class=\"elementor-element elementor-element-7823d91 e-flex e-con-boxed e-con e-parent\" data-id=\"7823d91\" data-element_type=\"container\">\n\t\t\t\t\t<div class=\"e-con-inner\">\n\t\t\t\t\t<\/div>\n\t\t\t\t<\/div>\n\t\t\t\t<\/div>\n\t\t","protected":false},"excerpt":{"rendered":"<p>Igienizare \u0219i Cur\u0103\u021bare Aer Condi\u021bionat Respira Aer Curat \u00een Fiecare Zi Igienizare \u0219i Cur\u0103\u021bare Aer Condi\u021bionat Respira Aer Curat \u00een Fiecare Zi Ai nevoie de igienizare \u0219i cur\u0103\u021bare profesional\u0103 pentru aparatul t\u0103u de aer condi\u021bionat? I\u021bi oferim servicii complete de cur\u0103\u021bare aer condi\u021bionat, pentru un aer mai s\u0103n\u0103tos \u0219i un aparat mai eficient. Ai nevoie [&hellip;]<\/p>\n","protected":false},"author":1,"featured_media":0,"parent":0,"menu_order":0,"comment_status":"closed","ping_status":"closed","template":"elementor_header_footer","meta":{"om_disable_all_campaigns":false,"_monsterinsights_skip_tracking":false,"_monsterinsights_sitenote_active":false,"_monsterinsights_sitenote_note":"","_monsterinsights_sitenote_category":0,"footnotes":""},"class_list":["post-2530","page","type-page","status-publish","hentry"],"aioseo_notices":[],"_links":{"self":[{"href":"https:\/\/ac-service-constanta.ro\/index.php\/wp-json\/wp\/v2\/pages\/2530","targetHints":{"allow":["GET"]}}],"collection":[{"href":"https:\/\/ac-service-constanta.ro\/index.php\/wp-json\/wp\/v2\/pages"}],"about":[{"href":"https:\/\/ac-service-constanta.ro\/index.php\/wp-json\/wp\/v2\/types\/page"}],"author":[{"embeddable":true,"href":"https:\/\/ac-service-constanta.ro\/index.php\/wp-json\/wp\/v2\/users\/1"}],"replies":[{"embeddable":true,"href":"https:\/\/ac-service-constanta.ro\/index.php\/wp-json\/wp\/v2\/comments?post=2530"}],"version-history":[{"count":19,"href":"https:\/\/ac-service-constanta.ro\/index.php\/wp-json\/wp\/v2\/pages\/2530\/revisions"}],"predecessor-version":[{"id":2554,"href":"https:\/\/ac-service-constanta.ro\/index.php\/wp-json\/wp\/v2\/pages\/2530\/revisions\/2554"}],"wp:attachment":[{"href":"https:\/\/ac-service-constanta.ro\/index.php\/wp-json\/wp\/v2\/media?parent=2530"}],"curies":[{"name":"wp","href":"https:\/\/api.w.org\/{rel}","templated":true}]}}

<div data-elementor-type="wp-page" data-elementor-id="2530" class="elementor elementor-2530">
						<section class="elementor-section elementor-top-section elementor-element elementor-element-e116d2c elementor-section-full_width elementor-section-height-default elementor-section-height-default" data-id="e116d2c" data-element_type="section">
						<div class="elementor-container elementor-column-gap-no">
					<div class="elementor-column elementor-col-100 elementor-top-column elementor-element elementor-element-3ad6f15" data-id="3ad6f15" data-element_type="column">
			<div class="elementor-widget-wrap">
							</div>
		</div>
					</div>
		</section>
				<section class="elementor-section elementor-top-section elementor-element elementor-element-d74d707 elementor-section-stretched elementor-section-full_width elementor-section-height-default elementor-section-height-default" data-id="d74d707" data-element_type="section" data-settings="{&quot;stretch_section&quot;:&quot;section-stretched&quot;}">
						<div class="elementor-container elementor-column-gap-no">
					<div class="elementor-column elementor-col-100 elementor-top-column elementor-element elementor-element-80b849b" data-id="80b849b" data-element_type="column">
			<div class="elementor-widget-wrap elementor-element-populated">
						<div class="elementor-element elementor-element-fc054b5 elementor-widget elementor-widget-elec_banner_2" data-id="fc054b5" data-element_type="widget" data-widget_type="elec_banner_2.default">
				<div class="elementor-widget-container">
					<section class="block p-100">
  <div class="fixed-bg bg10"></div>
  <div class="container">
    <div class="sep-text fl-right">
      <h2 class="visible-lg visible-md"><span>Igienizare și Curățare Aer Condiționat</span> <br>Respira Aer Curat în Fiecare Zi      </h2>
      <h2 class="visible-sm visible-xs">
        <span>Igienizare și Curățare Aer Condiționat</span> <br>Respira Aer Curat în Fiecare Zi      </h2>
      <p class="visible-lg visible-md">
        Ai nevoie de igienizare și curățare profesională pentru aparatul tău de aer condiționat?
Iți oferim servicii complete de curățare aer condiționat, pentru un aer mai sănătos și un aparat mai eficient.      </p>
      <p class="visible-sm visible-xs">
        Ai nevoie de igienizare și curățare profesională pentru aparatul tău de aer condiționat?
Iți oferim servicii complete de curățare aer condiționat, pentru un aer mai sănătos și un aparat mai eficient.      </p>
       Incepand de la<br><span>200 Lei / Aparat</span>    </div>
    <!--sep-text end-->
  </div>
</section>
				</div>
				</div>
					</div>
		</div>
					</div>
		</section>
		<div class="elementor-element elementor-element-fe576c2 e-flex e-con-boxed e-con e-parent" data-id="fe576c2" data-element_type="container">
					<div class="e-con-inner">
				<div class="elementor-element elementor-element-32ed57b elementor-widget elementor-widget-spacer" data-id="32ed57b" data-element_type="widget" data-widget_type="spacer.default">
				<div class="elementor-widget-container">
							<div class="elementor-spacer">
			<div class="elementor-spacer-inner"></div>
		</div>
						</div>
				</div>
				<div class="elementor-element elementor-element-e26626d elementor-widget elementor-widget-text-editor" data-id="e26626d" data-element_type="widget" data-widget_type="text-editor.default">
				<div class="elementor-widget-container">
									<div class="tech_ssec">
<h3 class="" data-start="492" data-end="538"></h3>
<p class="" data-start="539" data-end="667"></p>

<ul data-start="668" data-end="768">
 	<li class="" data-start="668" data-end="715">
<p class="" data-start="670" data-end="715"></p>
</li>
 	<li class="" data-start="716" data-end="745">
<p class="" data-start="718" data-end="745"></p>
</li>
 	<li class="" data-start="746" data-end="768">
<p class="" data-start="748" data-end="768"></p>
</li>
</ul>
</div>
<div class="tech_ssec">
<h3 class="sc-title">De ce este importantă igienizarea aerului condiționat?</h3>
<ul class="wegts-links">
 	<li>Elimină bacteriile, mucegaiul și praful acumulat în unitatea interioară și exterioară.</li>
 	<li>Crește eficiența și durata de viață a aparatului tău de aer condiționat.</li>
 	<li>Previne apariția mirosurilor neplăcute și a alergiilor.</li>
<li>Crește eficiența și durata de viață a aparatului tău de aer condiționat.</li>
<li>Reduce consumul de energie electrică.</li>
</ul>
<div><span style="color: #555555;"> </span></div>
<div><span style="color: #555555;"> </span></div>
</div>
<div class="tech_ssec">
<h3 class="sc-title">Ce include serviciul nostru de igienizare aer condiționat?</h3>
<ul class="wegts-links">
 	<li>Curățarea filtrelor de aer</li>
 	<li>Dezinfectarea schimbătorului de căldură

</li>
 	<li>Îndepărtarea depunerilor de praf și bacterii</li>
 	<li>Verificarea generală a funcționării aparatului</li>
</ul>
<div><span style="color: #555555;"> </span></div>
<div><span style="color: #555555;"> </span></div>
</div>
<div class="tech_ssec">
<h3 class="sc-title">Când trebuie să igienizezi aerul condiționat?</h3>
<ul class="wegts-links">
 	<li>Specialiștii recomandă curățarea aerului condiționat de două ori pe an, înainte de sezonul cald și la începutul sezonului rece.</li>
 	
</ul>
<div><span style="color: #555555;"> </span></div>
<div><span style="color: #555555;"> </span></div>
</div>
<div class="tech_ssec">
<h3 class="sc-title">Alege profesioniștii în curățare aer condiționat!</h3>
<ul class="wegts-links">
 	<li>Intervenție rapidă</li>
 	<li>Prețuri corecte</li>
 	<li>Tehnicieni calificați</li>
 	<li>Echipamente moderne</li>
</ul>
</div>								</div>
				</div>
					</div>
				</div>
		<div class="elementor-element elementor-element-7823d91 e-flex e-con-boxed e-con e-parent" data-id="7823d91" data-element_type="container">
					<div class="e-con-inner">
					</div>
				</div>
				</div>

<p>Igienizare și Curățare Aer Condiționat Respira Aer Curat în Fiecare Zi Igienizare și Curățare Aer Condiționat Respira Aer Curat în Fiecare Zi Ai nevoie de igienizare și curățare profesională pentru aparatul tău de aer condiționat? Iți oferim servicii complete de curățare aer condiționat, pentru un aer mai sănătos și un aparat mai eficient. Ai nevoie [&hellip;]</p>
